{"id":2119,"date":"2021-11-15T12:43:42","date_gmt":"2021-11-15T17:43:42","guid":{"rendered":"http:\/\/www2.uregina.ca\/president\/art\/?page_id=2119"},"modified":"2021-11-26T14:51:03","modified_gmt":"2021-11-26T19:51:03","slug":"henry-hunt-2","status":"publish","type":"page","link":"https:\/\/www2.uregina.ca\/president\/art\/college-avenue-campus\/henry-hunt-2\/","title":{"rendered":"Henry Hunt"},"content":{"rendered":"\n<h2 class=\"wp-block-heading\">(1923-1985)<\/h2>\n\n\n\n<h3 class=\"wp-block-heading\">Located in CB 101.6 (College Avenue campus, 1st floor, outside CB 118)<\/h3>\n\n\n\n<figure class=\"wp-block-image size-large is-resized\"><img loading=\"lazy\" decoding=\"async\" src=\"https:\/\/www2.uregina.ca\/president\/art\/wp-content\/uploads\/2021\/11\/Hunt-H-sc.2018.68-Nov-2021-5-lo-res-681x1024.jpg\" alt=\"Cedar wood sculpture of figure with painted black, green and red regalia\" class=\"wp-image-2144\" width=\"511\" height=\"768\" srcset=\"https:\/\/www2.uregina.ca\/president\/art\/wp-content\/uploads\/2021\/11\/Hunt-H-sc.2018.68-Nov-2021-5-lo-res-681x1024.jpg 681w, https:\/\/www2.uregina.ca\/president\/art\/wp-content\/uploads\/2021\/11\/Hunt-H-sc.2018.68-Nov-2021-5-lo-res-200x300.jpg 200w, https:\/\/www2.uregina.ca\/president\/art\/wp-content\/uploads\/2021\/11\/Hunt-H-sc.2018.68-Nov-2021-5-lo-res.jpg 700w\" sizes=\"auto, (max-width: 511px) 100vw, 511px\" \/><figcaption>\u00a9 the artist. Photograph by Connie Novitski, University of Regina. Reproduced with permission.<\/figcaption><\/figure>\n\n\n\n<p><strong><em>Welcome Figure<\/em>, c. 1981<\/strong><br><strong>Red cedar<br>84&#8243; x 42 1\/2&#8243; x 36 1\/2&#8243;<\/strong><br><strong>University of Regina President\u2019s Art Collection.\u00a0Gift of Dr. Morris C. Shumiatcher, O.C., S.O.M., Q.C. and Dr. Jacqui Clay Shumiatcher, S.O.M., C.M., 2018; sc.2018.68<\/strong><\/p>\n\n\n\n<p>Henry Hunt was a renowned Kwaguilth artist from Kwakiulth First Nation, T\u2019sakis (Fort Rupert) BC, 2,300kms directly west of Regina. In Kwakiulth, the tradition of carving keeps culture alive alongside language, storytelling, potlatch, songs, dances and other forms of cultural expression. It is for this reason that artists are deeply embedded in and critical to Kwakwa\u0331ka\u0331\u2019wakw culture and society.<\/p>\n\n\n\n<p>The monumental Welcome Figure which greets campus visitors is based on a traditional post used to signify jurisdiction to visitors at the entrance to territories or buildings. Carved from an old cedar log, it represents a chiefly figure wearing regalia. Without the artist\u2019s guidance, we can only guess that the iconography on the chest might refer to an ancestor of the chief\u2019s lineage. Featured is a transformative recurved beak\/ nose, which can be found on the birdlike, or sea-monster beings of raven rattles, or decorating bentwood chests. The artist\u2019s son, Richard Hunt, notes that cedar is \u201duse(d) for everything from a baby cradle to a coffin. We, the Kwaguilth, call cedar our Tree of Life.\u201d <\/p>\n\n\n\n<p>Welcome figures are proud icons of resistance to colonial intrusion, drawing on powerful legacies through their material and all they represent. Although this Welcome Figure isn\u2019t currently on Kwakwa\u0331ka\u0331\u2019wakw territory, it stands on the College Avenue campus to welcome all our guests. Its presence also reminds us of our commitment to honour and embed Indigenous knowledges in our work, and of our interconnectedness (<em>kahkiyaw kiw\u00e2hk\u00f4m\u00e2kaninawak: All Our Relations), <\/em>core tenets of our journey toward reconciliation.<\/p>\n\n\n\n<div class=\"wp-block-buttons is-layout-flex wp-block-buttons-is-layout-flex\">\n<div class=\"wp-block-button\"><a class=\"wp-block-button__link has-background\" href=\"https:\/\/www2.uregina.ca\/president\/art\/college-avenue-campus\/\" style=\"background-color:#1b265c\">Back to College Avenue Campus<\/a><\/div>\n<\/div>\n\n\n\n<p><\/p>\n","protected":false},"excerpt":{"rendered":"<p>(1923-1985) Located in CB 101.6 (College Avenue campus, 1st floor, outside CB 118) Welcome Figure, c. 1981Red cedar84&#8243; x 42 1\/2&#8243; x 36 1\/2&#8243;University of Regina President\u2019s Art Collection.\u00a0Gift of Dr. Morris C. Shumiatcher, O.C., S.O.M., Q.C. and Dr. Jacqui Clay Shumiatcher, S.O.M., C.M., 2018; sc.2018.68 Henry Hunt was a renowned Kwaguilth artist from Kwakiulth First Nation, T\u2019sakis (Fort Rupert) BC, 2,300kms directly west of Regina. In Kwakiulth, the tradition of carving keeps culture alive alongside language, storytelling, potlatch, songs, dances and other forms of cultural expression. It is for this reason that artists are deeply embedded in and critical&#8230; <\/p>\n","protected":false},"author":1,"featured_media":0,"parent":1265,"menu_order":0,"comment_status":"closed","ping_status":"closed","template":"","meta":{"footnotes":""},"categories":[6,19,18],"tags":[],"class_list":["post-2119","page","type-page","status-publish","hentry","category-indigenous","category-kwakwakawakw","category-sculpture"],"_links":{"self":[{"href":"https:\/\/www2.uregina.ca\/president\/art\/wp-json\/wp\/v2\/pages\/2119","targetHints":{"allow":["GET"]}}],"collection":[{"href":"https:\/\/www2.uregina.ca\/president\/art\/wp-json\/wp\/v2\/pages"}],"about":[{"href":"https:\/\/www2.uregina.ca\/president\/art\/wp-json\/wp\/v2\/types\/page"}],"author":[{"embeddable":true,"href":"https:\/\/www2.uregina.ca\/president\/art\/wp-json\/wp\/v2\/users\/1"}],"replies":[{"embeddable":true,"href":"https:\/\/www2.uregina.ca\/president\/art\/wp-json\/wp\/v2\/comments?post=2119"}],"version-history":[{"count":4,"href":"https:\/\/www2.uregina.ca\/president\/art\/wp-json\/wp\/v2\/pages\/2119\/revisions"}],"predecessor-version":[{"id":2146,"href":"https:\/\/www2.uregina.ca\/president\/art\/wp-json\/wp\/v2\/pages\/2119\/revisions\/2146"}],"up":[{"embeddable":true,"href":"https:\/\/www2.uregina.ca\/president\/art\/wp-json\/wp\/v2\/pages\/1265"}],"wp:attachment":[{"href":"https:\/\/www2.uregina.ca\/president\/art\/wp-json\/wp\/v2\/media?parent=2119"}],"wp:term":[{"taxonomy":"category","embeddable":true,"href":"https:\/\/www2.uregina.ca\/president\/art\/wp-json\/wp\/v2\/categories?post=2119"},{"taxonomy":"post_tag","embeddable":true,"href":"https:\/\/www2.uregina.ca\/president\/art\/wp-json\/wp\/v2\/tags?post=2119"}],"curies":[{"name":"wp","href":"https:\/\/api.w.org\/{rel}","templated":true}]}}